{"id":4354,"date":"2022-06-09T20:49:05","date_gmt":"2022-06-10T01:49:05","guid":{"rendered":"https:\/\/egresadosmecanica.ufpso.edu.co\/?page_id=4354"},"modified":"2022-06-29T07:37:35","modified_gmt":"2022-06-29T12:37:35","slug":"descuentos","status":"publish","type":"page","link":"https:\/\/egresadosmecanica.ufpso.edu.co\/?page_id=4354","title":{"rendered":"DESCUENTOS"},"content":{"rendered":"\n<figure class=\"wp-block-image size-large is-resized\"><img loading=\"lazy\" decoding=\"async\" src=\"https:\/\/egresadosmecanica.ufpso.edu.co\/wp-content\/uploads\/2022\/06\/Egresados-7_3-copia-1-1024x205.jpg\" alt=\"\" class=\"wp-image-4538\" width=\"1170\" height=\"234\" srcset=\"https:\/\/egresadosmecanica.ufpso.edu.co\/wp-content\/uploads\/2022\/06\/Egresados-7_3-copia-1-1024x205.jpg 1024w, https:\/\/egresadosmecanica.ufpso.edu.co\/wp-content\/uploads\/2022\/06\/Egresados-7_3-copia-1-300x60.jpg 300w, https:\/\/egresadosmecanica.ufpso.edu.co\/wp-content\/uploads\/2022\/06\/Egresados-7_3-copia-1-768x153.jpg 768w, https:\/\/egresadosmecanica.ufpso.edu.co\/wp-content\/uploads\/2022\/06\/Egresados-7_3-copia-1-1536x307.jpg 1536w, https:\/\/egresadosmecanica.ufpso.edu.co\/wp-content\/uploads\/2022\/06\/Egresados-7_3-copia-1-2048x409.jpg 2048w\" sizes=\"auto, (max-width: 1170px) 100vw, 1170px\" \/><\/figure>\n\n\n<div class=\"wp-block-image\">\n<figure class=\"aligncenter size-large\"><img loading=\"lazy\" decoding=\"async\" width=\"1024\" height=\"107\" src=\"https:\/\/egresadosmecanica.ufpso.edu.co\/wp-content\/uploads\/2022\/06\/Descuentos_6-1024x107.jpg\" alt=\"\" class=\"wp-image-4577\" srcset=\"https:\/\/egresadosmecanica.ufpso.edu.co\/wp-content\/uploads\/2022\/06\/Descuentos_6-1024x107.jpg 1024w, https:\/\/egresadosmecanica.ufpso.edu.co\/wp-content\/uploads\/2022\/06\/Descuentos_6-300x31.jpg 300w, https:\/\/egresadosmecanica.ufpso.edu.co\/wp-content\/uploads\/2022\/06\/Descuentos_6-768x81.jpg 768w, https:\/\/egresadosmecanica.ufpso.edu.co\/wp-content\/uploads\/2022\/06\/Descuentos_6-1536x161.jpg 1536w, https:\/\/egresadosmecanica.ufpso.edu.co\/wp-content\/uploads\/2022\/06\/Descuentos_6-2048x215.jpg 2048w\" sizes=\"auto, (max-width: 1024px) 100vw, 1024px\" \/><\/figure><\/div>\n\n\n<p class=\"has-text-align-center\">Presentado el certificado de votaci\u00f3n electoral obtienes un 10% de descuento por concepto de matr\u00edcula en estudios de posgrado a nivel de especializaci\u00f3n y maestr\u00edas.&nbsp;<\/p>\n\n\n\n<p class=\"has-text-align-center\">Seg\u00fan el acuerdo <strong>N\u00b020 del 25 de junio 2020<\/strong> <strong>&nbsp;<a href=\"https:\/\/ww2.ufps.edu.co\/public\/archivos\/reglamentacion\/bc2ad8bc23b4c11a2a1d4dfe8c88eac1.pdf\" target=\"_blank\" rel=\"noreferrer noopener\">https:\/\/ww2.ufps.edu.co\/public\/archivos\/reglamentacion\/bc2ad8bc23b4c11a2a1d4dfe8c88eac1.pdf<\/a><\/strong><\/p>\n\n\n\n<p class=\"has-text-align-center\">Se estableen est\u00edmulos a estudiantes sobresalientes de pregrado, egresados y docentes en la exenci\u00f3n parcial del valor de la matr\u00edcula y derechos pecuniarios para cursar programas acad\u00e9micos de posgrado a nivel de especializaci\u00f3n y maestr\u00edas. En este acuerdo se establecen los siguientes descuentos los cuales se har\u00e1n efectivos <strong>siempre que se cuente con el punto de equilibrio<\/strong> <strong>econ\u00f3mico del programa al que se desea cursar<\/strong>.<\/p>\n\n\n<div class=\"wp-block-image\">\n<figure class=\"aligncenter size-large\"><img loading=\"lazy\" decoding=\"async\" width=\"1024\" height=\"108\" src=\"https:\/\/egresadosmecanica.ufpso.edu.co\/wp-content\/uploads\/2022\/06\/Descuentos_7-1024x108.jpg\" alt=\"\" class=\"wp-image-4578\" srcset=\"https:\/\/egresadosmecanica.ufpso.edu.co\/wp-content\/uploads\/2022\/06\/Descuentos_7-1024x108.jpg 1024w, https:\/\/egresadosmecanica.ufpso.edu.co\/wp-content\/uploads\/2022\/06\/Descuentos_7-300x32.jpg 300w, https:\/\/egresadosmecanica.ufpso.edu.co\/wp-content\/uploads\/2022\/06\/Descuentos_7-768x81.jpg 768w, https:\/\/egresadosmecanica.ufpso.edu.co\/wp-content\/uploads\/2022\/06\/Descuentos_7-1536x161.jpg 1536w, https:\/\/egresadosmecanica.ufpso.edu.co\/wp-content\/uploads\/2022\/06\/Descuentos_7-2048x215.jpg 2048w\" sizes=\"auto, (max-width: 1024px) 100vw, 1024px\" \/><\/figure><\/div>\n\n\n<p class=\"has-text-align-center\">Los Egresados de la UFPS sede central y seccional Oca\u00f1a ser\u00e1n beneficiarios de la exenci\u00f3n del 20% por concepto de matr\u00edcula y derechos pecuniarios en los programas propios de posgrados a nivel de especializaci\u00f3n y maestr\u00eda, en la sede en la cual obtuvo el t\u00edtulo de pregrado.<\/p>\n\n\n<div class=\"wp-block-image\">\n<figure class=\"aligncenter size-large\"><img loading=\"lazy\" decoding=\"async\" width=\"1024\" height=\"107\" src=\"https:\/\/egresadosmecanica.ufpso.edu.co\/wp-content\/uploads\/2022\/06\/Descuentos_8-1024x107.jpg\" alt=\"\" class=\"wp-image-4579\" srcset=\"https:\/\/egresadosmecanica.ufpso.edu.co\/wp-content\/uploads\/2022\/06\/Descuentos_8-1024x107.jpg 1024w, https:\/\/egresadosmecanica.ufpso.edu.co\/wp-content\/uploads\/2022\/06\/Descuentos_8-300x31.jpg 300w, https:\/\/egresadosmecanica.ufpso.edu.co\/wp-content\/uploads\/2022\/06\/Descuentos_8-768x81.jpg 768w, https:\/\/egresadosmecanica.ufpso.edu.co\/wp-content\/uploads\/2022\/06\/Descuentos_8-1536x161.jpg 1536w, https:\/\/egresadosmecanica.ufpso.edu.co\/wp-content\/uploads\/2022\/06\/Descuentos_8-2048x215.jpg 2048w\" sizes=\"auto, (max-width: 1024px) 100vw, 1024px\" \/><\/figure><\/div>\n\n\n<div class=\"wp-block-columns is-layout-flex wp-container-core-columns-is-layout-1 wp-block-columns-is-layout-flex\">\n<div class=\"wp-block-column is-layout-flow wp-block-column-is-layout-flow\" style=\"flex-basis:100%\">\n<p class=\"has-text-align-center\">Los estudiantes sobresalientes de pregrado de la UFPS sede central y seccional Oca\u00f1a que hayan obtenido las siguientes distinciones: medalla de plata, tesis meritoria y quienes hayan presentado a nombre de la UFPS las pruebas Saber Pro, y sean reportados por el ICFES como los mayores puntajes seg\u00fan resoluci\u00f3n correspondiente, tendr\u00e1n hasta dos a\u00f1os para ser beneficiarios de exenci\u00f3n del 30% por concepto de matr\u00edcula y derechos pecuniarios<\/p>\n<\/div>\n<\/div>\n\n\n<div class=\"wp-block-image\">\n<figure class=\"aligncenter size-large\"><img loading=\"lazy\" decoding=\"async\" width=\"1024\" height=\"108\" src=\"https:\/\/egresadosmecanica.ufpso.edu.co\/wp-content\/uploads\/2022\/06\/Descuentos_9-1024x108.jpg\" alt=\"\" class=\"wp-image-4580\" srcset=\"https:\/\/egresadosmecanica.ufpso.edu.co\/wp-content\/uploads\/2022\/06\/Descuentos_9-1024x108.jpg 1024w, https:\/\/egresadosmecanica.ufpso.edu.co\/wp-content\/uploads\/2022\/06\/Descuentos_9-300x32.jpg 300w, https:\/\/egresadosmecanica.ufpso.edu.co\/wp-content\/uploads\/2022\/06\/Descuentos_9-768x81.jpg 768w, https:\/\/egresadosmecanica.ufpso.edu.co\/wp-content\/uploads\/2022\/06\/Descuentos_9-1536x161.jpg 1536w, https:\/\/egresadosmecanica.ufpso.edu.co\/wp-content\/uploads\/2022\/06\/Descuentos_9-2048x215.jpg 2048w\" sizes=\"auto, (max-width: 1024px) 100vw, 1024px\" \/><\/figure><\/div>\n\n\n<p class=\"has-text-align-center\">Los estudiantes sobresalientes de pregrado que hayan obtenido la menci\u00f3n de grado de honor y estudiantes que hayan obtenido tesis laureada, tendr\u00e1n hasta cinco a\u00f1os despu\u00e9s de su grado para ser beneficiarios de la exenci\u00f3n del 50% por concepto de matr\u00edcula y derechos pecuniarios.<\/p>\n\n\n\n<div class=\"wp-block-columns is-layout-flex wp-container-core-columns-is-layout-2 wp-block-columns-is-layout-flex\">\n<div class=\"wp-block-column is-layout-flow wp-block-column-is-layout-flow\"><div class=\"wp-block-image\">\n<figure class=\"aligncenter size-large\"><img loading=\"lazy\" decoding=\"async\" width=\"1024\" height=\"107\" src=\"https:\/\/egresadosmecanica.ufpso.edu.co\/wp-content\/uploads\/2022\/06\/Descuentos_10-1024x107.jpg\" alt=\"\" class=\"wp-image-4581\" srcset=\"https:\/\/egresadosmecanica.ufpso.edu.co\/wp-content\/uploads\/2022\/06\/Descuentos_10-1024x107.jpg 1024w, https:\/\/egresadosmecanica.ufpso.edu.co\/wp-content\/uploads\/2022\/06\/Descuentos_10-300x31.jpg 300w, https:\/\/egresadosmecanica.ufpso.edu.co\/wp-content\/uploads\/2022\/06\/Descuentos_10-768x81.jpg 768w, https:\/\/egresadosmecanica.ufpso.edu.co\/wp-content\/uploads\/2022\/06\/Descuentos_10-1536x161.jpg 1536w, https:\/\/egresadosmecanica.ufpso.edu.co\/wp-content\/uploads\/2022\/06\/Descuentos_10-2048x215.jpg 2048w\" sizes=\"auto, (max-width: 1024px) 100vw, 1024px\" \/><\/figure><\/div><\/div>\n<\/div>\n\n\n\n<p class=\"has-text-align-center\">Los docentes ocasionales, catedr\u00e1ticos, tutores, medio tiempo y tiempo completo de la UFPS sede central y seccional Oca\u00f1a ser\u00e1n beneficiarios de la exenci\u00f3n del 60% por concepto de matr\u00edcula y derechos pecuniarios en los programas posgrados propios de la UFPS a nivel de especializaci\u00f3n o maestr\u00eda semestre a semestre, siempre y cuando mantenga la condici\u00f3n de docente por la cual obtuvo el beneficio.<\/p>\n\n\n","protected":false},"excerpt":{"rendered":"<p>Presentado el certificado de votaci\u00f3n electoral obtienes un 10% de descuento por concepto de matr\u00edcula en estudios de posgrado a nivel de especializaci\u00f3n y maestr\u00edas.&nbsp; Seg\u00fan el acuerdo N\u00b020 del 25 de junio 2020 &nbsp;https:\/\/ww2.ufps.edu.co\/public\/archivos\/reglamentacion\/bc2ad8bc23b4c11a2a1d4dfe8c88eac1.pdf Se estableen est\u00edmulos a estudiantes sobresalientes de pregrado, egresados y docentes en la exenci\u00f3n parcial del valor de la matr\u00edcula&hellip;&nbsp;<a href=\"https:\/\/egresadosmecanica.ufpso.edu.co\/?page_id=4354\" class=\"\" rel=\"bookmark\">Leer m\u00e1s &raquo;<span class=\"screen-reader-text\">DESCUENTOS<\/span><\/a><\/p>\n","protected":false},"author":1,"featured_media":0,"parent":0,"menu_order":1,"comment_status":"closed","ping_status":"closed","template":"","meta":{"neve_meta_sidebar":"full-width","neve_meta_container":"","neve_meta_enable_content_width":"on","neve_meta_content_width":100,"neve_meta_title_alignment":"","neve_meta_author_avatar":"","neve_post_elements_order":"","neve_meta_disable_header":"","neve_meta_disable_footer":"","neve_meta_disable_title":"","footnotes":""},"class_list":["post-4354","page","type-page","status-publish","hentry"],"_links":{"self":[{"href":"https:\/\/egresadosmecanica.ufpso.edu.co\/index.php?rest_route=\/wp\/v2\/pages\/4354","targetHints":{"allow":["GET"]}}],"collection":[{"href":"https:\/\/egresadosmecanica.ufpso.edu.co\/index.php?rest_route=\/wp\/v2\/pages"}],"about":[{"href":"https:\/\/egresadosmecanica.ufpso.edu.co\/index.php?rest_route=\/wp\/v2\/types\/page"}],"author":[{"embeddable":true,"href":"https:\/\/egresadosmecanica.ufpso.edu.co\/index.php?rest_route=\/wp\/v2\/users\/1"}],"replies":[{"embeddable":true,"href":"https:\/\/egresadosmecanica.ufpso.edu.co\/index.php?rest_route=%2Fwp%2Fv2%2Fcomments&post=4354"}],"version-history":[{"count":18,"href":"https:\/\/egresadosmecanica.ufpso.edu.co\/index.php?rest_route=\/wp\/v2\/pages\/4354\/revisions"}],"predecessor-version":[{"id":4585,"href":"https:\/\/egresadosmecanica.ufpso.edu.co\/index.php?rest_route=\/wp\/v2\/pages\/4354\/revisions\/4585"}],"wp:attachment":[{"href":"https:\/\/egresadosmecanica.ufpso.edu.co\/index.php?rest_route=%2Fwp%2Fv2%2Fmedia&parent=4354"}],"curies":[{"name":"wp","href":"https:\/\/api.w.org\/{rel}","templated":true}]}}