{"id":4332,"date":"2022-06-09T20:40:22","date_gmt":"2022-06-10T01:40:22","guid":{"rendered":"https:\/\/egresadosmecanica.ufpso.edu.co\/?page_id=4332"},"modified":"2022-06-27T11:36:46","modified_gmt":"2022-06-27T16:36:46","slug":"biblioteca","status":"publish","type":"page","link":"https:\/\/egresadosmecanica.ufpso.edu.co\/?page_id=4332","title":{"rendered":"Biblioteca"},"content":{"rendered":"\n<figure class=\"wp-block-image size-large is-resized\"><img loading=\"lazy\" decoding=\"async\" src=\"https:\/\/egresadosmecanica.ufpso.edu.co\/wp-content\/uploads\/2022\/06\/Biblioteca-1024x255.jpg\" alt=\"\" class=\"wp-image-4421\" width=\"1170\" height=\"291\" srcset=\"https:\/\/egresadosmecanica.ufpso.edu.co\/wp-content\/uploads\/2022\/06\/Biblioteca-1024x255.jpg 1024w, https:\/\/egresadosmecanica.ufpso.edu.co\/wp-content\/uploads\/2022\/06\/Biblioteca-300x75.jpg 300w, https:\/\/egresadosmecanica.ufpso.edu.co\/wp-content\/uploads\/2022\/06\/Biblioteca-768x192.jpg 768w, https:\/\/egresadosmecanica.ufpso.edu.co\/wp-content\/uploads\/2022\/06\/Biblioteca.jpg 1279w\" sizes=\"auto, (max-width: 1170px) 100vw, 1170px\" \/><\/figure>\n\n\n\n<p>La biblioteca Argemiro Bayona Portillo pone a disposici\u00f3n de sus <strong>EGRESADOS<\/strong> los servicios presenciales y recursos virtuales de informaci\u00f3n, necesarios para facilitar y enriquecer los procesos de creaci\u00f3n del conocimiento por medio de la pr\u00e1ctica de la lectura y la investigaci\u00f3n.<\/p>\n\n\n\n<p><strong>Presencialmente puedes ingresar a la biblioteca con previa presentaci\u00f3n del carnet de egresado, all\u00ed tienes acceso a lo siguiente:<\/strong><\/p>\n\n\n\n<ul class=\"wp-block-list\"><li>Consulta y pr\u00e9stamo del material bibliogr\u00e1fico. La biblioteca de la instituci\u00f3n cuenta con amplias salas de lectura (Individual o grupal), en donde los usuarios pueden consultar los ejemplares ubicados en las estanter\u00edas de libre acceso. El pr\u00e9stamo se otorga exclusivamente para uso dentro de las instalaciones de la biblioteca<\/li><\/ul>\n\n\n\n<ul class=\"wp-block-list\"><li>Hacer uso del espacio disponible en la biblioteca y de los equipos tecnol\u00f3gicos con acceso a internet para consulta de informaci\u00f3n.<\/li><\/ul>\n\n\n\n<ul class=\"wp-block-list\"><li>Orientaci\u00f3n personalizada en la b\u00fasqueda de informaci\u00f3n o utilizaci\u00f3n de los servicios de la Biblioteca.&nbsp;<\/li><\/ul>\n\n\n\n<p class=\"has-text-align-center\"><strong>Horarios<\/strong><br>Lunes a viernes de 6:00 am a 9:30 pm (jornada continua)<br>S\u00e1bados de 8:00 am a 12:00 pm<\/p>\n\n\n\n<p><strong>Virtualmente puedes acceder a los siguientes servicios:<\/strong><\/p>\n\n\n\n<ul class=\"wp-block-list\"><li>Bases de datos<\/li><\/ul>\n\n\n\n<p><a href=\"https:\/\/ufpso.edu.co\/biblioteca\/recursosdigitales\" target=\"_blank\" rel=\"noreferrer noopener\"><strong>https:\/\/ufpso.edu.co\/biblioteca\/recursosdigitales<\/strong><\/a><\/p>\n\n\n\n<p>Puedes acceder ingresando tu documento de identidad y contrase\u00f1a del SIA a las once (11) bases de datos que tiene actualmente suscritas la universidad o a las veintid\u00f3s (22) de acceso libre.<\/p>\n\n\n\n<ul class=\"wp-block-list\"><li>Libros electr\u00f3nicos<\/li><\/ul>\n\n\n\n<p><a href=\"https:\/\/fondoeditorial.itm.edu.co\/libros-electronicos.html\" target=\"_blank\" rel=\"noreferrer noopener\"><strong>https:\/\/fondoeditorial.itm.edu.co\/libros-electronicos.html<\/strong><\/a><\/p>\n\n\n\n<p>Accede a los m\u00e1s de 500 libros digitales con los que cuenta la Universidad Francisco de Paula Santander Oca\u00f1a para ti.<\/p>\n\n\n\n<ul class=\"wp-block-list\"><li>Repositorio institucional<\/li><\/ul>\n\n\n\n<p><a href=\"http:\/\/repositorio.ufpso.edu.co\/\" target=\"_blank\" rel=\"noreferrer noopener\"><strong>http:\/\/repositorio.ufpso.edu.co\/<\/strong><\/a><\/p>\n\n\n\n<p>All\u00ed encontraras todos los trabajos de grado de los estudiantes con su respectiva acta de derechos de autor.<\/p>\n\n\n\n<p><\/p>\n\n\n","protected":false},"excerpt":{"rendered":"<p>La biblioteca Argemiro Bayona Portillo pone a disposici\u00f3n de sus EGRESADOS los servicios presenciales y recursos virtuales de informaci\u00f3n, necesarios para facilitar y enriquecer los procesos de creaci\u00f3n del conocimiento por medio de la pr\u00e1ctica de la lectura y la investigaci\u00f3n. Presencialmente puedes ingresar a la biblioteca con previa presentaci\u00f3n del carnet de egresado, all\u00ed&hellip;&nbsp;<a href=\"https:\/\/egresadosmecanica.ufpso.edu.co\/?page_id=4332\" class=\"\" rel=\"bookmark\">Leer m\u00e1s &raquo;<span class=\"screen-reader-text\">Biblioteca<\/span><\/a><\/p>\n","protected":false},"author":1,"featured_media":0,"parent":0,"menu_order":0,"comment_status":"closed","ping_status":"closed","template":"","meta":{"neve_meta_sidebar":"full-width","neve_meta_container":"","neve_meta_enable_content_width":"on","neve_meta_content_width":100,"neve_meta_title_alignment":"","neve_meta_author_avatar":"","neve_post_elements_order":"","neve_meta_disable_header":"","neve_meta_disable_footer":"","neve_meta_disable_title":"","footnotes":""},"class_list":["post-4332","page","type-page","status-publish","hentry"],"_links":{"self":[{"href":"https:\/\/egresadosmecanica.ufpso.edu.co\/index.php?rest_route=\/wp\/v2\/pages\/4332","targetHints":{"allow":["GET"]}}],"collection":[{"href":"https:\/\/egresadosmecanica.ufpso.edu.co\/index.php?rest_route=\/wp\/v2\/pages"}],"about":[{"href":"https:\/\/egresadosmecanica.ufpso.edu.co\/index.php?rest_route=\/wp\/v2\/types\/page"}],"author":[{"embeddable":true,"href":"https:\/\/egresadosmecanica.ufpso.edu.co\/index.php?rest_route=\/wp\/v2\/users\/1"}],"replies":[{"embeddable":true,"href":"https:\/\/egresadosmecanica.ufpso.edu.co\/index.php?rest_route=%2Fwp%2Fv2%2Fcomments&post=4332"}],"version-history":[{"count":26,"href":"https:\/\/egresadosmecanica.ufpso.edu.co\/index.php?rest_route=\/wp\/v2\/pages\/4332\/revisions"}],"predecessor-version":[{"id":4575,"href":"https:\/\/egresadosmecanica.ufpso.edu.co\/index.php?rest_route=\/wp\/v2\/pages\/4332\/revisions\/4575"}],"wp:attachment":[{"href":"https:\/\/egresadosmecanica.ufpso.edu.co\/index.php?rest_route=%2Fwp%2Fv2%2Fmedia&parent=4332"}],"curies":[{"name":"wp","href":"https:\/\/api.w.org\/{rel}","templated":true}]}}